 1). Suppose -5*u = 3*h - 8, 3*h = -3*u + 5*u + 1. Calculate the highest common factor of d and h.
1
Suppose a - 12 = -4. Suppose 3*t = a*t - 135. What is the highest common divisor of t and 81?
27
Let l(s) = s - 5*s + s - s. Let p be l(-1). Calculate the greatest common divisor of 6 and p.
2
Let w(o) = -4*o + 3*o**2 - 2*o**3 + 6*o**3 - o**3. Let v be w(-3). Let r = -12 - v. What is the highest common factor of r and 6?
6
Suppose 4*u = 8, 0 = 2*r - 2*u - 3*u + 50. Let w = r + 23. What is the greatest common divisor of 2 and w?
1
Suppose f = 3*f. Suppose -3*u + f + 2 = 2*b, 0 = -b + 4*u + 1. What is the highest common divisor of 7 and b?
1
Let j = -30 - -46. Suppose 0 = 3*b - 52 + j. What is the highest common factor of b and 3?
3
Let f = -19 + 39. Let w be (-5)/((-6)/(-4) + -2). What is the greatest common divisor of w and f?
10
Let c(z) = -22*z**3 - 2*z**2 - z. Let q = 10 + -7. Suppose 0 = 2*f - q + 5. Let n be c(f). What is the greatest common divisor of 7 and n?
7
Suppose -3*m - 6 = 0, -3*j + 4*m = -5*j + 8. Let a = j - 6. Calculate the highest common divisor of 2 and a.
2
Let m(i) = i**3 - 14*i**2 - i + 17. Let f be m(14). Let h be 7 + f - (2 + -1). Calculate the greatest common factor of 18 and h.
9
Let p(i) = -i**3 + 2*i**2 + 4*i - 1. Let a be p(3). Suppose 0 = m + 4*j + 6 - 93, -5*m = a*j - 471. Calculate the greatest common factor of m and 19.
19
Let i = -12 - -43. Let j be 1*i - (2 + -2). Let k = j - 17. What is the greatest common factor of 21 and k?
7
Suppose 0 = -2*x + 3*x - s - 34, 66 = 2*x - 4*s. Calculate the greatest common divisor of 21 and x.
7
Let s = 114 + -72. Let o = -2 + 9. Calculate the highest common factor of o and s.
7
Let j = 21 - -1. What is the highest common divisor of j and 55?
11
Suppose 0 = 2*x + 2, -x - 133 = 4*b. Let s = -17 - b. Suppose -2*y = -5*k + 714, 570 = 2*k + 2*k - 2*y. Calculate the highest common factor of s and k.
16
Suppose -32*x = -29*x - 66. Calculate the greatest common divisor of x and 242.
22
Let m = 42 - 14. Suppose 0 = -4*q + 192 + m. What is the highest common divisor of 5 and q?
5
Let k = 26 - 14. What is the greatest common factor of 24 and k?
12
Suppose -a = -0*a - 134. Suppose q - 5 = -2*j, 4*j - 13 = 3*q + 12. Suppose 0*u - a = -u + j*i, 2*u = 2*i + 298. What is the highest common divisor of 22 and u?
22
Let j(z) be the first derivative of 2*z**2 - 3*z + 6. Let w be j(2). Calculate the greatest common divisor of 40 and w.
5
Suppose -i - 5*i = -174. Calculate the greatest common factor of i and 87.
29
Suppose 8*h - 3*h + 4*b - 544 = 0, 0 = -3*h + 4*b + 320. Let w(p) = -p**3 + 4*p**2 + p. Let k be w(3). Calculate the greatest common divisor of h and k.
12
Let t(m) = -2 + 4*m - 6*m + m**3 - 2*m**2 + 6*m. Let h be t(2). Let i(l) = l + 5. Let f be i(h). Calculate the highest common factor of 55 and f.
11
Suppose -4*x + 0*x = -324. Let p(s) = 2*s - 2. Let z be p(2). Suppose -f - z*q = 1, 0*f - f + 19 = -2*q. What is the greatest common factor of x and f?
9
Let n = -74 + 92. Calculate the highest common factor of 18 and n.
18
Suppose -4*i - 2 + 26 = 0. Calculate the greatest common divisor of 30 and i.
6
Suppose -61 + 5 = -2*x. Suppose a - 56 = x. Suppose -2*c + 6*c = 84. What is the highest common factor of a and c?
21
Let f(r) = 17*r**3 + 2*r**2 - 1. Let p be f(2). Let b(h) = 8*h - 43. Let t be b(7). Calculate the greatest common factor of t and p.
13
Let o(u) = 14*u + 6. Let x(h) = -h + 1. Let l(y) = -o(y) + 6*x(y). Let q be l(-2). Calculate the highest common divisor of 4 and q.
4
Let o = -5 - -23. Let g = o + 87. What is the highest common divisor of g and 15?
15
Let u be (7424/(-60))/(-2) - 2/(-15). Calculate the highest common factor of 31 and u.
31
Let z be 2 + 4/(-3)*3. Let t be z/4*(-10 + 6). Calculate the greatest common factor of t and 2.
2
Suppose 0 = l - 4 - 2. Let t be 2/l + 175/15. Calculate the greatest common divisor of 12 and t.
12
Let o(i) = i**3. Let z be o(0). Suppose -c - 6 + 4 = z. Let g be (-3*2)/c - -95. Calculate the greatest common divisor of g and 14.
14
Suppose 3*s = 12 + 21. Let c = 41 - -14. What is the greatest common factor of s and c?
11
Let a(n) = -n**3 + 8*n**2 + 8*n + 13. Let w be a(9). Let p be 38/w + (-1)/(-2). Calculate the greatest common divisor of p and 40.
10
Let h be 242/3 + (-4)/(-12). Calculate the highest common factor of 9 and h.
9
Let o be 4*-7*(-2)/4. Let x = o + -10. Suppose 3*y + 0*y = 24. What is the greatest common factor of x and y?
4
Let v be (-2)/(-4) + (-1002)/(-4). Let y = v + -131. Calculate the highest common factor of 15 and y.
15
Suppose 5*y - 8*y + 528 = 0. What is the greatest common factor of y and 16?
16
Suppose -3 = -4*j - 27. Let w be 135/2 - j/4. Suppose -w = -k + 39. What is the highest common factor of k and 12?
12
Suppose 3*o = -6 - 3. Let w be -9*(4/o - -1). Calculate the greatest common divisor of 1 and w.
1
Suppose 28 = -38*l + 42*l. What is the highest common divisor of l and 28?
7
Let l be (6/(-9) - 0)*3. Let t be 223/2 + (-1)/l. What is the highest common divisor of t and 14?
14
Let h(z) = -z**3 - 3*z**2 + z + 3. Let t be h(-3). Suppose t*w = 2*w - 34. What is the highest common factor of w and 153?
17
Let i be (380/(-50))/((-2)/5). Suppose -i = -2*x + 61. Calculate the highest common factor of 5 and x.
5
Let u(w) = w**3 - 5*w**2 - 4*w - 8. Let b be u(6). Suppose -2*l + 14 = b*j, 0 = -j + 4*j - l - 8. Calculate the greatest common factor of j and 1.
1
Let k(y) = y - 2. Let o be k(0). Let r be (-1)/o - (-2981)/22. Calculate the greatest common factor of r and 17.
17
Suppose 3*s - 2*x - 13 = 0, 2*s - 6 = -x + 5. Let q be s/(15/6) - 0. Calculate the highest common factor of 3 and q.
1
Suppose 5*w - 38 = -2*n, n = 5*w - 3*w + 10. What is the greatest common factor of 154 and n?
14
Let v(l) = l**2 - 14*l + 15. Let r be v(13). Let p = 4 + -1. Let b be 12*p/(-12)*-2. Calculate the highest common factor of r and b.
2
Let y be (2 + 5/(-3))*6. Calculate the greatest common factor of 18 and y.
2
Let u be 4/10 + 7/(-5). Let f be (-216)/(-3) - u - 1. Suppose 0 = -3*y - y + f. Calculate the greatest common factor of y and 9.
9
Suppose -68 = -3*a + 4. Calculate the greatest common divisor of 120 and a.
24
Let q = 70 + -50. Calculate the highest common divisor of 200 and q.
20
Let p be (4 - -26)*1/2. Let t be (-5 - -1) + 0 + 19. What is the highest common factor of p and t?
15
Suppose 4*m - 2 - 46 = 0. Let r(d) = d + 3. Let b be r(7). Let g be (-4)/(-10) - (-176)/b. Calculate the greatest common factor of g and m.
6
Let u(w) be the third derivative of -w**4/8 - w**3 + w**2. Suppose 2*j - 2 = -12. Let t be u(j). What is the greatest common divisor of t and 9?
9
Let q = 13 - 5. Let v = 61 - 59. What is the highest common divisor of q and v?
2
Suppose 5 = -7*w + 12. Calculate the highest common divisor of w and 4.
1
Let w(x) = -22*x - 6*x + 3*x. Let b be w(-2). What is the greatest common divisor of b and 10?
10
Suppose 5*a + 5 = 4*n, 5*n = 2*n + 5*a. Calculate the highest common divisor of n and 5.
5
Let i = 245 - 173. Calculate the greatest common factor of 24 and i.
24
Suppose 325 + 95 = 6*u. Calculate the highest common divisor of u and 14.
14
Let y be 2/(-3)*3 + 26. Let v = 7 + -2. Suppose -v*k = -11 - 29. What is the greatest common factor of y and k?
8
Let z = 3 + 3. Suppose -4*c - 3*x = -0*x + 2, -5*c = -4*x - 13. Suppose 0 = a - c - 1. Calculate the greatest common divisor of a and z.
2
Suppose 2*w + 3*t = -37, 3*w - w + 2*t + 36 = 0. Let m = -7 - w. What is the highest common factor of m and 30?
10
Suppose 4*d = 6*d - 4. Let i be -3 + (d - (-2 + -1)). Calculate the greatest common factor of 10 and i.
2
Let b(o) be the second derivative of 16*o**3 + 2*o**2 + 6*o. Let s be b(2). Let n = -18 - -46. What is the greatest common divisor of n and s?
28
Let y(d) = -10*d**3. Let j be y(-1). What is the greatest common divisor of 20 and j?
10
Suppose -12 = 6*f - 2*f, -16 = -4*r - 4*f. Calculate the greatest common divisor of 1 and r.
1
Let r = -18 + 25. What is the greatest common factor of 77 and r?
7
Let q = 82 - 58. Calculate the highest common factor of 6 and q.
6
Let x be 5*1/2*2. Suppose 2*b = -x*h + 63, 2*b + 3*h - 44 = 13. Calculate the greatest common divisor of b and 16.
8
Suppose 0 = -2*j + 4*j - 16. What is the 